se 0 = -2*h + 7 + 11. Let j(s) = 20*s - 33. Let c be j(3). What is the greatest common divisor of h and c?
9
Suppose 0 = -v - 2*v - 9. Let p(q) = 5*q**2 - 4*q - 3. Let y be p(v). Let n = -9 + 15. What is the greatest common divisor of y and n?
6
Let s be 2/(-4) + 1906/4. Suppose -4*c = -0*c - s. Let m be 34*2/((-20)/(-5)). What is the greatest common factor of c and m?
17
Let g = -13 - -12. Let u = 5 - g. Calculate the highest common factor of 2 and u.
2
Suppose 4*c = 4*g - 104, g - 3*c - 57 = -g. Suppose 0 = -5*s + 5 - 40. Let l = 0 - s. What is the greatest common divisor of g and l?
7
Let r be (-6)/39 + 316/26. What is the highest common divisor of r and 12?
12
Suppose -4*c = 3*q - 96, -2*q + 19 = -3*c - 62. Calculate the highest common divisor of 9 and q.
9
Let s be -6*(4 + 92/(-8)). Calculate the greatest common factor of s and 9.
9
Suppose -5*m = -10*m. Let x = m - -9. Calculate the highest common divisor of 9 and x.
9
Let s be (-3)/3 - 2*-11. Let t = -24 - -31. Calculate the greatest common divisor of s and t.
7
Let h be (-11)/(-3) + (-6)/9. Suppose -3*m = 2*m + 970. Let y be 2 + m*h/(-6). What is the greatest common factor of y and 9?
9
Suppose -5*h + 10 + 54 = 4*i, 2*i = -h + 14. Suppose 4*a + q = 61, 0*q + 41 = 2*a - 3*q. Let m = a + 2. What is the greatest common factor of m and h?
6
Let a(g) = 17*g - 1. Let p be a(1). What is the highest common factor of p and 48?
16
Let a be 10*(3/6 - 0). What is the highest common factor of 20 and a?
5
Let c(v) = -3*v + v - v - 4 - 6. Let w be c(-7). Calculate the highest common factor of w and 11.
11
Let p(h) = -34*h - 27. Let t be p(-3). Calculate the greatest common divisor of t and 25.
25
Let j = 47 - 26. Let i = -20 + j. What is the greatest common factor of 1 and i?
1
Let n = 1 - -12. Calculate the greatest common divisor of 13 and n.
13
Let b(c) = -12*c - 1. Let p be b(-2). Suppose -p = -y - 5*f, y + 0*y + f = 31. Calculate the highest common factor of y and 3.
3
Let y = 16 + 9. Let c = -23 + y. What is the highest common divisor of 4 and c?
2
Suppose -3*z + 2*z + 5 = 0. Suppose -50 = 3*r - 5*r. Calculate the highest common factor of r and z.
5
Suppose s = -0*s - 2*h + 7, -4*h = -8. Calculate the greatest common divisor of 21 and s.
3
Let x(m) = 6*m**2 - 9*m - 8. Let d be x(6). What is the highest common factor of d and 14?
14
Suppose 9 = 2*h + h + 3*p, -5*h - 2*p + 6 = 0. Suppose 5*c = -5, h = 2*b + c - 5 - 36. What is the highest common factor of 14 and b?
7
Suppose 4*r = 2*r + 12. Suppose 3*c = r*c. Suppose 2*y - 16 - 44 = c. What is the highest common divisor of 3 and y?
3
Suppose 9*i = 12*i - 240. Calculate the highest common factor of 8 and i.
8
Let z be ((-10)/3)/((-8)/(-12)). Let m(p) = p**3 + 6*p**2 + p - 2. Let h be m(z). Calculate the greatest common factor of h and 198.
18
Let c be -16 + 17 + (2 - 1). Suppose 0 = -a - c + 26. Suppose -5*l - 24 = -r - 3, 4*l - 44 = -3*r. Calculate the highest common divisor of r and a.
8
Let i = 107 + 40. What is the highest common divisor of 21 and i?
21
Let g be 1/(-2)*-112*1. Calculate the greatest common divisor of 8 and g.
8
Let v be ((-1 + -9)/((-2)/4))/2. Calculate the greatest common divisor of 4 and v.
2
Suppose 0*w - 5*w + 20 = 0. Calculate the highest common factor of 64 and w.
4
Let x = -23 + 35. Suppose x = 4*u - u. What is the highest common factor of u and 4?
4
Suppose -4*r = -2*r - 30. Let n = -11 - -15. Let a(p) = p**3 + p**2 - 2*p + 3. Let s be a(n). What is the highest common factor of r and s?
15
Suppose 2*p - 62 = -0*p. Calculate the greatest common factor of 31 and p.
31
Let r(q) = q**3 - q + 1. Let v be r(-2). Let m = v - -11. Let u(k) = 6*k + 18. Let l be u(8). Calculate the highest common factor of l and m.
6
Suppose 2*d = 3*x + 27, 5*d + 0*x - 60 = 5*x. Let z be 2/((12/(-21))/(-4)). Suppose 5*y - 239 = -z. Calculate the greatest common factor of d and y.
9
Let i = 13 + -26. Let w = i + 26. What is the highest common divisor of 91 and w?
13
Let p = -20 - -32. Suppose 0 = 4*r + 4, -5*l + 4*r + 6 + 3 = 0. Let f = p - l. Calculate the greatest common factor of f and 99.
11
Suppose 6*y = 8 + 22. Calculate the greatest common divisor of 5 and y.
5
Suppose -4*a = -20 - 4. Let r be 224/21 - 4/a. Suppose 0 = -4*w - 2*m + 42, m - 28 = -3*w + 3*m. Calculate the greatest common factor of r and w.
10
Let n(d) = 20*d + 9*d - 10*d + 2. Let s be n(2). Calculate the greatest common factor of 20 and s.
20
Let u be (2/6)/((-1)/(-69)). Let m = -70 - -162. Calculate the highest common divisor of m and u.
23
Let y be 1*2*3/3. Suppose -y*p + 4*p = -3*g + 3, -g = 2*p - 5. Calculate the highest common factor of p and 33.
3
Let r(u) be the second derivative of -u**5/20 + u**4/3 + u**3 - 3*u**2/2 + 3*u. Let o be r(5). What is the greatest common factor of o and 6?
2
Suppose -4*y + 2396 = 5*z, -z + 2*y - 3*y = -479. Suppose -5*f - 5*x + z = 0, 2*f - 204 = -0*f + 2*x. What is the greatest common factor of 11 and f?
11
Let h be -4 + 2 + 1*22. Let x = 8 - 3. Calculate the greatest common factor of h and x.
5
Suppose 4 = -2*l, -3 - 4 = 3*i - 4*l. Let r be (i/10)/(2/(-4)). What is the greatest common factor of 8 and r?
1
Let o be (-18)/(-1 - 1 - -1). What is the greatest common factor of 18 and o?
18
Let q(h) = 25*h**2 - 1. Suppose 2*k - 2 + 0 = 0. Let n be q(k). Let c = -41 + 57. Calculate the greatest common divisor of c and n.
8
Let s(c) = -7*c - 23. Let o be s(-5). What is the greatest common divisor of 48 and o?
12
Let y = 289 + -502. Let l = y - -353. Calculate the greatest common divisor of 28 and l.
28
Suppose 3*v + 381 = 4*c, -3*c + 485 = 2*c - 2*v. Calculate the highest common factor of c and 66.
33
Let k = -12 - -22. What is the greatest common divisor of 110 and k?
10
Suppose 5*j + 140 = 5*i, -60 = -2*i + 4*j - 8. Calculate the highest common factor of i and 12.
6
Suppose 375 = 5*p - x, 0*x + x = -p + 75. Let z be 6/9 + 178/3. Suppose -4*t + z = -2*t. What is the greatest common factor of t and p?
15
Let l be 4/((-8)/(-2))*0. Suppose x - 4*j + 4 = 56, -2*x + 5*j + 95 = l. Calculate the greatest common divisor of 100 and x.
20
Let w(q) = q - 10. Let i be w(9). Let r(d) = 33*d + 1. Let u(n) = 1. Let y(k) = i*u(k) + r(k). Let j be y(8). What is the greatest common factor of 24 and j?
24
Suppose -4*p + c + 111 = 0, 3*p - p - c - 57 = 0. Calculate the highest common divisor of 1 and p.
1
Let o = -26 - -30. Let k be o/(-18) - (-7602)/189. Calculate the greatest common divisor of k and 100.
20
Let m be 0 + (0 - 1) - -5. Suppose -5*r - 3*k + 81 = -7, -k - 67 = -m*r. What is the highest common divisor of 85 and r?
17
Suppose 5*m - 121 = -1. Let u be 21*3 - (-18)/(-6). Calculate the greatest common factor of u and m.
12
Let f(w) = 2*w - 13. Let z be f(8). Calculate the greatest common factor of 1 and z.
1
Let y = -26 - -83. Suppose -4*h - y = 247. Let s be 2/5 - h/10. Calculate the greatest common divisor of s and 24.
8
Let d(z) = -z**2 - 5*z - 3. Let k be d(-3). Let n = 7 + 2. Let h be ((-9)/27)/((-1)/n). Calculate the highest common divisor of h and k.
3
Let h be (103/(-4) - -3)*-4. Calculate the greatest common factor of h and 13.
13
Let z(c) = -c**3 + 5*c**2 - c + 12. Let f be z(5). What is the greatest common divisor of 1 and f?
1
Let t = -87 - -60. Let f be 14/1*t/(-6). Calculate the highest common divisor of f and 42.
21
Suppose i = 4*z - 4*i - 54, -5 = -z - 3*i. Suppose 5*b = 3*b. Suppose -x + b*x + z = 0. What is the greatest common divisor of x and 66?
11
Let i(u) = u**3 + u**2 - u + 2. Let t be i(-2). Let p(r) = 3*r + 6. Let b be p(-6). Let l be (t - b) + (-8)/4. What is the greatest common divisor of l and 40?
10
Suppose -q + 18 + 6 = 0. Let x = 4 - -3. Let l = x - -5. What is the greatest common divisor of q and l?
12
Suppose -6 - 124 = -5*u. Calculate the highest common factor of u and 65.
13
Let m(w) = -w**3 - 7*w**2 + 9*w + 8. Let p be m(-8). Suppose -b - 8 + 27 = p. What is the highest common factor of b and 38?
19
Let q(a) = a**2 + 4*a + 5. Let s be q(-4). Suppose 0 = -4*f - 2*d + 22, 2*d + s = -3*d. What is the greatest common divisor of 2 and f?
2
Let m be (-4)/6 - 1196/(-12). Suppose 25 = 3*g - 14. Let b = g - 2. What is the highest common factor of m and b?
11
Suppose 5*n = -0*n + 105. Let t = n + -11. Let a be (-452)/(-5) 